 + 4*n - 32, -3*a + 6*n - 7*n + 24 = 0. Calculate the highest common divisor of a and 8.
8
Suppose 2*u - 5*u = -33. Let m be 44/12*(-11 - (-200)/10). Calculate the highest common factor of u and m.
11
Let b = -29 + 155. Let s be 18/(-12)*8/6. Let u be 2 + b/8 + s/(-8). Calculate the greatest common divisor of u and 18.
18
Suppose -7*t + 29735 = -6*t - 3*p, -4*p + 29735 = t. Calculate the highest common factor of 313 and t.
313
Suppose 4*j + 2*u = 3*j + 12, -3*j = -3*u - 18. Let x be -4 - ((-16)/4 + 0). Suppose 22*v - 95 - 81 = x. What is the greatest common factor of v and j?
8
Suppose -87 = -47*i + 74 + 27. What is the highest common divisor of i and 233?
1
Let z be (-671)/(-22)*((65 - 3) + 0). Calculate the highest common divisor of 122 and z.
61
Let m(h) = h**3 + 6*h**2 + h + 2. Let s be m(-4). Let c = 45 - 40. Let l = c - -70. Calculate the greatest common divisor of s and l.
15
Suppose 4*i = -f + 4*f - 1173, -3*f = 4*i + 1203. Let v be (-18)/(-3 - i/100). What is the highest common factor of 24 and v?
24
Let s be (4 - 0)/(-2)*-2. Suppose -s*k + 44 - 28 = 0. Suppose -3*b + 53 = -0*b + k*u, 4*u + 39 = b. Calculate the highest common divisor of b and 184.
23
Suppose 0 = -43*s + 67*s - 9840. What is the greatest common divisor of s and 2542?
82
Suppose -110358 = -11*p + 42*p - 674310. Calculate the greatest common factor of 24 and p.
24
Let i = -19 - 41. Let o = i - -70. Calculate the highest common factor of 70 and o.
10
Suppose l - 25 = 24. Let z = l + -27. Suppose -5*w + 0*v + 3*v = -189, 0 = -5*w + 2*v + 181. What is the greatest common factor of w and z?
11
Suppose -455*k + 886608 = 297*k. Calculate the highest common factor of 36 and k.
9
Let n(v) = -10*v**2 + 147*v**3 - 13*v - 70*v**3 - 19 - 76*v**3. Let d be n(13). Calculate the greatest common divisor of 11 and d.
11
Let s(g) = -11*g. Let b be s(-6). Suppose -11*c + 13*c + 3*j + 3 = 0, c - j = 1. Let p be 18/12 - (c + (-27)/6). What is the highest common factor of b and p?
6
Suppose -210*a + 203*a + 1610 = 0. Let x = -228 + a. What is the highest common divisor of 8 and x?
2
Let k = -24542 - -25245. What is the greatest common divisor of 513 and k?
19
Let v = 457 + -349. Suppose -h + 57 = 2*h - 5*n, 5*h - v = 4*n. Calculate the greatest common factor of h and 96.
24
Let p(w) = 13*w - 77. Let x be p(6). Suppose m = -x + 59. Calculate the greatest common factor of 754 and m.
58
Let u(q) = q**3 - 14*q**2 + 5*q - 53. Let d be u(14). Suppose 192 = 5*b + w, -4*b - d = 3*w - 175. Calculate the highest common divisor of 114 and b.
38
Suppose -3*g + 270 = -36. Let r = g - -18. What is the greatest common factor of 24 and r?
24
Let d(h) = 31*h**2 - 19*h + 55. Let t be d(5). Calculate the highest common factor of 25 and t.
5
Let h(i) = 4*i - 72. Let m be h(16). Let w(p) = 14*p + 117. Let r be w(m). Calculate the greatest common divisor of 2 and r.
1
Let n be (-2)/3 - 9/(54/188). Let u = 37 + n. Suppose 3*w + 47 = o, u*o + 0*o - 4*w = 180. Calculate the greatest common factor of 16 and o.
16
Suppose 3*b + 3*z - 91 = 8, -2*z + 2 = 0. Calculate the highest common divisor of b and 1328.
16
Let b be (-190)/209 - 56083/(-187). Calculate the highest common divisor of 1183 and b.
13
Let f = -5175 + 5667. What is the greatest common divisor of 1886 and f?
82
Suppose -709 - 145 = -22*o + 4. What is the greatest common factor of 65 and o?
13
Suppose 0 = -175*s + 110*s + 3250. What is the greatest common divisor of 810 and s?
10
Let c(p) = 191*p**2 - 9*p - 63. Let o be c(-12). What is the highest common factor of o and 9?
9
Let q = 7658 + -7626. Calculate the greatest common factor of 9344 and q.
32
Suppose 11*n - 272 = 443. Suppose 5*d - 5*p + 6*p = 373, d + 5*p - n = 0. Calculate the greatest common factor of 125 and d.
25
Suppose -1232 = 405*q - 412*q. Suppose 3*i + 88 = 7*i. What is the highest common factor of i and q?
22
Let k be 5/(75/(-1160))*(-9 + 108/24). What is the highest common divisor of k and 2204?
116
Suppose 2 = 2*f, 0 = -5*d + 28*f - 26*f + 823. Calculate the highest common factor of 2805 and d.
165
Let b be (-2)/14*(25 - 66) + 18/(-21). What is the highest common divisor of b and 3255?
5
Let q(f) = -40*f - 5198. Let l be q(-130). Suppose 6 = 3*v - 3, 1 = -2*h + 5*v. Suppose h = -j + 25. What is the highest common factor of l and j?
2
Let c(o) = 8*o + 92. Let y = -487 - -494. Let s be c(y). What is the highest common divisor of s and 8?
4
Suppose -2*b = 4*b - 3*b. Suppose b = -3*w + c + 1147, -w - 4*c + 222 = -143. Let m = w - 238. Calculate the highest common divisor of 13 and m.
13
Let y be (-4 + 5 + (1 - 3))*1. Let i be (5/(-10)*1)/(y/(-8)). Let u be (42/i)/((-10)/20). What is the greatest common factor of 14 and u?
7
Suppose -116*d + 13053 = -33*d - 10851. Calculate the highest common factor of 306 and d.
18
Suppose -15*k + 1314 = -3846. Suppose -530 - k = -23*c. What is the greatest common divisor of c and 1102?
38
Suppose -5*s + 30 = 3*m, 25 = 3*s + 5*m + 7. Suppose 144 = 5*d - w, s*w - w - 8 = -d. Calculate the highest common divisor of d and 210.
14
Suppose -3*v + 10 = -8. Suppose v*x - 14*x = -112. Calculate the highest common factor of x and 10.
2
Suppose -615 = -4*n + 1. Suppose -2*v - 54 = -8*v. Suppose 10*c - 14 = v*c. What is the highest common factor of n and c?
14
Let m be ((-8)/((-288)/12627))/((-2)/(-24)). What is the highest common factor of 366 and m?
183
Let o = 3863 - 3847. Calculate the greatest common divisor of 1264 and o.
16
Let l(s) = -s**3 + 31*s**2 + 10*s - 226. Let a be l(31). What is the greatest common factor of 2394 and a?
42
Let r be ((-117)/(-52) - 25)*(1 - (-1 + 10)). Calculate the highest common divisor of r and 1064.
14
Let u(f) = -24*f - 3. Suppose 5*m = 11 + 14. Let a(s) = s - 6. Let w be a(m). Let b be u(w). What is the greatest common divisor of b and 7?
7
Let r be (-4)/(-8) + (-31173)/(-6) - -1. Suppose -13*c + r = -3383. What is the greatest common divisor of 60 and c?
60
Suppose 5 = 2*j + 3*j. Let p = 1947 + -1928. What is the highest common divisor of p and j?
1
Let i be 2*1*(-1040)/(-160). Suppose 5*k - 60 = -r - 3*r, -5*r + 25 = 0. Suppose -2*t - k = 0, j = -0*t - t + 9. Calculate the highest common factor of i and j.
13
Let c be 53 - (-45)/(9 + 6). What is the highest common factor of c and 6342?
14
Suppose -151*n = -22303 - 40630 - 97731. Calculate the highest common divisor of 224 and n.
56
Let f = 7469 + -6787. Calculate the greatest common factor of f and 2486.
22
Suppose -4*t = t - 1210. Suppose 0 = 119*y - 115*y + 5*d - 94, 3*y - 2*d - 13 = 0. Calculate the greatest common factor of t and y.
11
Suppose -3*n + c + 558 = -166, -5*n + c = -1204. Suppose -4*l - 23 - 37 = 0. Let m be l/(-20) - (-378)/8. What is the greatest common divisor of n and m?
48
Let w(o) = 46*o - 18. Let g be w(20). Let f = g - 642. Calculate the greatest common divisor of f and 52.
52
Let g = -457 - -460. Suppose 5*w + r = 310, g*w - 28*r = -25*r + 204. Calculate the greatest common divisor of w and 81.
9
Let d(q) = 17*q - 295. Let f be d(34). Suppose -22*l + f = -1037. What is the highest common factor of l and 60?
60
Suppose j + 528 = 4*k + 5*j, -j - 279 = -2*k. What is the highest common divisor of 3151 and k?
137
Suppose -s - 2*t - 122 = -1576, 3*s - 5*t = 4417. Calculate the greatest common divisor of s and 24.
24
Let a = -99 + 599. Let u be -20 + 22 + -25 - -43. Calculate the highest common divisor of u and a.
20
Suppose 0 = -3*i + 1 + 5. Suppose 0*o - o = -3*l - 114, 0 = -i*o. Let k be (5/1)/((-19)/l). Calculate the highest common divisor of k and 4.
2
Let v be -5*(-86)/(-645)*(-17)/(17/324). Let u = 33 - -21. Suppose 3*a - 5*a = -u. Calculate the highest common factor of a and v.
27
Let m be (32/(-4) - -6)*(-13)/2. Suppose m*g - 1022 = 174. What is the greatest common divisor of g and 23?
23
Let z(a) = a**2 + 9*a + 6. Suppose 0 = 5*r + 2 + 13. Let k be 1*r + (24 + 0)/(-3). Let f be z(k). What is the greatest common factor of f and 112?
28
Let d = -130 - -240. What is the greatest common divisor of 180 and d?
10
Let i = -16909 - -16965. Let c be 9/(18/(-4)) - -86. Calculate the greatest common factor of c and i.
28
Let q = 23498 + -22538. What is the greatest common divisor of 5 and q?
5
Let d(o) = -57*o - 406. Let y be d(-8). What is the greatest com